 -5*i + 31, -3*t + 2*t = -3*i + 5. Let s(o) = 2 - 12 + i + 6 - o. What is s(5)?
-6
Let i be (-5 - (-51)/9)*66/(-4). Let s(u) = -6*u + 3. Let n(h) = 31*h - 16. Let y(w) = i*s(w) - 2*n(w). Give y(-1).
-5
Let y(p) = -6 + 5 + 0 - p**2 + 2*p**2 - 4*p. Let n = -9 - -13. Determine y(n).
-1
Let h(m) = -4*m - 2. Let l(s) = 9*s + 4. Let o(z) = 7*h(z) + 3*l(z). Let i be 4/(-3) + (-3)/(-9). Let w be i*(-3 - -3 - -2). Determine o(w).
0
Let c(x) = -x**3 + 10*x**2 - 8*x - 8. Let p(o) = 3*o**2 - 3*o + 3. Let s be p(2). Give c(s).
1
Let n(q) = -4*q + 6. Let b(r) = 5*r. Let x(a) = b(a) + n(a). What is x(-11)?
-5
Let b(w) = -w**2 + 7*w - 1. Let q(d) = 7*d**2 - 54*d + 20. Let x(u) = 6*b(u) + q(u). Calculate x(11).
3
Let b = 34 + -32. Suppose -b*f - 25 = -7*f. Let o(t) = -t**3 + 4*t**2 + 6*t + 4. Determine o(f).
9
Let l(r) = -r. Let g(s) be the second derivative of -25*s**3/6 + 32*s. Let p(b) = -g(b) + 20*l(b). Give p(-3).
-15
Let v(p) = -p**3 - 6*p**2 - 7*p - 5. Let o be (-24 - -21) + 1/1. Calculate v(o).
-7
Let o(c) = c**2 - 7*c - 8. Let m be 0/1*(1/1)/(-2). Suppose 2*a + 19 = 5*a + s, m = -5*a - 5*s + 15. What is o(a)?
0
Let s(o) be the second derivative of -13*o**3/6 - 25*o**2/2 - 333*o + 1. What is s(-2)?
1
Let b(a) be the first derivative of -a**4/4 + 2*a**3/3 + a**2/2 + 2*a - 14. Let i(s) = -s**2 - 11*s - 3. Let v be i(-9). Let m = -12 + v. Calculate b(m).
-4
Let i = 50 + -42. Let f(l) = 2*l - 18. Determine f(i).
-2
Let l(b) = -5*b**3 + 3*b**2 + 6*b - 1. Let n(m) = -6*m**3 + 3*m**2 + 6*m - 1. Let v be -2 - 26/(-12) - (-58)/12. Let r(t) = v*l(t) - 4*n(t). Calculate r(4).
7
Let r(k) = 7*k**3 + 3*k**2 - 2 - 3 + 0 - 8*k**3 + 6*k. Suppose 8*s = 6 + 26. Give r(s).
3
Let c(w) be the first derivative of w**4/2 - w**3/3 + w**2/2 - 2*w + 62. Determine c(2).
12
Let s be 4/(-6)*(-126)/28. Let m = 9 - s. Let g(h) = -h**2 + 5*h + 3. Determine g(m).
-3
Let o(b) = -6*b - 4. Suppose 4*q + 68 = 4*d, d - 3 = -q + 10. Let c = -18 + d. What is o(c)?
14
Let m(l) = 6*l**3 - 18*l**2 - l. Let z be m(3). Let o(s) = s**3 + 4*s**2 + 2*s + 4. Calculate o(z).
7
Let f = -7 - 0. Let v(t) = 3*t**3 - 5*t**2 - 3*t + 2. Let q(d) = -17*d**3 + 24*d**2 + 17*d - 11. Let w(h) = -2*q(h) - 11*v(h). Give w(f).
7
Let w(v) = 5*v**3 - v**2 + 2*v + 6. Let y(r) = -3*r**3 + r**2 - r - 4. Let b(h) = 5*w(h) + 8*y(h). Let d = 653 + -656. Give b(d).
-8
Let u(y) be the first derivative of y**4/4 + 8*y**3/3 - y**2/2 + y + 63. What is u(-8)?
9
Suppose 6*x = 4*x + 2. Let y(l) = -l - 7 + x + 4. Determine y(-7).
5
Let f(d) = -32*d - 1 + 57*d + d**3 + 4*d**2 - 1 - 8 - 33*d. Give f(-5).
5
Let s(n) = 2*n**2 - 4*n + 3. Let k(z) = -z**2 + 27*z - 90. Let p be k(4). Determine s(p).
3
Let r(h) be the first derivative of h**3/3 + h + 3219. Let d = 64 - 45. Suppose 3*z + 3*l = -2*l - d, 0 = z + l + 5. Calculate r(z).
10
Let q(t) = -t**2 - 9*t - 8. Let f = -433 - -424. Calculate q(f).
-8
Let o(f) = 26*f - 3*f**2 - 14 + 2*f**2 + 10 - 29*f. Let r = 3 + -12. Let b(d) = d**3 + 8*d**2 - 10*d - 12. Let u be b(r). What is o(u)?
-4
Let f(h) = -11*h**3 + 4*h**2 - 3*h - 6. Let r(o) = 2 - o**2 + 3*o**2 - o + 4*o**3 - 3*o**2 + 2*o. Let c(j) = 3*f(j) + 8*r(j). Calculate c(3).
4
Let m(u) = 4*u**2 - 2. Let c be m(-1). Let r(j) = -2*j - 1. Let n be r(-2). Suppose 0*w + 2*w + n = 5*g, 2*g = c. Let i(q) = -10*q. Determine i(w).
-10
Let o(p) = p + 3. Suppose -10*l = -6*l + 8. Let h = -5 - l. Calculate o(h).
0
Let a(t) = t**2 - 19*t + 17. Let s be a(16). Let r = s + 34. Let o(u) = u**3 - 7*u + u**2 - 6*u**2 + 4*u - r*u + 5. Give o(6).
5
Let p(k) be the first derivative of -k**3/3 + k**2/2 - 12*k - 349. Let h(n) = n - 2. Let w be h(2). Give p(w).
-12
Let k(y) = -11*y + 2 + 0 - 5*y - 5*y + 22*y. Suppose 0 = 4*h - 0 + 44. Let d = -7 - h. Calculate k(d).
6
Let g(q) be the second derivative of q**4/6 - q**3/6 + q**2/2 - 76*q. Let d(i) = 3*i**3 - i. Suppose 3*s + 4 = 1. Let r be d(s). Determine g(r).
11
Let k(z) be the first derivative of -3*z**2/2 - 3*z + 8. Let y be k(0). Let o(g) = -g**3 - 4*g**2 + 4*g + 3. Calculate o(y).
-18
Let p(v) be the first derivative of v**6/360 + v**5/20 - 5*v**4/12 - 5*v**3/3 - 6*v + 4. Let y(a) be the third derivative of p(a). Determine y(-9).
17
Let y(m) = -2*m + 2. Suppose 0 = 4*f + 3*h - 187, 2*h - 41 = -f + 2. Let g = 54 - f. Calculate y(g).
-8
Let o(v) = v**3 + v**2 + v - 6. Let q be -303*2/(-36) - (-1)/6. Let k be (3 + -1)/((-2)/17). Let b = q + k. Calculate o(b).
-6
Let q(r) = -27*r - 1. Suppose 29*x + 54 = 25. What is q(x)?
26
Let t(u) be the second derivative of u**5/5 + 4*u**3/3 + u**2 - 9*u. Let v(l) = -l**3 - l**2 + 1. Let y(r) = t(r) + 5*v(r). What is y(-6)?
-5
Let p(w) = w - 22. Let s(q) = q**2 + 4*q - 54. Let u be s(-11). Determine p(u).
1
Let g(z) = 24*z - 303*z**2 + 25*z + 302*z**2 + 1 - 49*z. Let m(q) = -q**3 - q**2 - q + 4. Let t be m(0). Let r = t + -1. What is g(r)?
-8
Let z(d) be the second derivative of d**5/20 + d**4/6 + 5*d**3/6 + 5*d**2/2 + 68*d. What is z(-2)?
-5
Let c(s) be the third derivative of -s**5/60 - s**4/24 + s**3 + 106*s**2. Determine c(-7).
-36
Let g(o) be the third derivative of -o**6/360 - o**5/120 + o**4/4 - 5*o**3/2 + 16*o**2. Let j(l) be the first derivative of g(l). What is j(0)?
6
Let j(r) = -2*r**3 + 6*r**2 + 69*r - 3. Let f(z) = -5*z**3 + 13*z**2 + 160*z - 7. Let v(c) = 3*f(c) - 7*j(c). Suppose -3 = 2*x + 3. Calculate v(x).
9
Suppose 42*s - 361 = 101. Let r(p) = p - 17. What is r(s)?
-6
Let h(u) = -u**3 - 2*u**2 + 2*u - 2. Let j be h(-3). Suppose -c - j + 6 = 0. Suppose c*o + 4 = o. Let r(q) = -8*q - 1. Give r(o).
7
Let t(o) = -1 + 3*o**2 + o**3 + 5 - 5. Let a be t(-1). Let l(z) = 17*z**3 - 13*z**2 - 9. Let q(c) = 8*c**3 - 7*c**2 - 5. Let n(s) = 6*l(s) - 11*q(s). Give n(a).
14
Let n(l) = l**2 - 4*l + 1. Let t(d) = -d**3 - 13*d**2 - 20*d + 20. Let c be t(-11). Calculate n(c).
13
Suppose -8*s = -4*s + 5*h + 11, -h + 1 = 0. Let r(d) = 6 + 5*d + 6*d**2 - 10*d**2 + 5*d**2. Calculate r(s).
2
Let k(i) = 11*i**3 - 3*i**2 - 5*i**3 + i + 42 - 42. Calculate k(2).
38
Let t(i) = -3*i**2 + 7*i - 1. Let q(f) = -f**2 + 3*f + 1. Let d(j) = 4*q(j) - t(j). Determine d(6).
-1
Let b(h) = 3*h**2 + h - 1. Let x(n) = 2*n**2 - 7*n - 3. Let v(g) = g**2 - 7*g - 4. Let l(z) = 3*v(z) - 2*x(z). Let a be l(-5). Let f be 6/a*4/6. Calculate b(f).
3
Let p(u) be the second derivative of u**5/20 - u**4/12 + u**3/3 - u**2/2 + 3*u + 31. Determine p(2).
7
Let a(r) = -r - 3. Suppose -2*f + 13 = -9. Let k = f - 6. Suppose -3*y - 1 = k, 5*y = b - 13. What is a(b)?
-6
Let p(t) = -t**2 - 5*t - 3 - 2 - t. Let u = 1219 + -1224. Determine p(u).
0
Let y(u) be the second derivative of 0 + 1/6*u**3 + 3*u**2 + 5*u. Let f be y(-5). Let n(s) = 6*s**2 - s. What is n(f)?
5
Let j(z) = -z + 3. Let x be j(3). Suppose i - 6*i + 30 = x. Let l(r) = 23 + 2 + r**2 - 7*r - 24. What is l(i)?
-5
Let s be 11/(12/(-9) - 2/(-6)). Suppose -21 = 4*f + 15. Let v = s - f. Let g(p) = -p**3 - 2*p**2 - 3*p - 2. What is g(v)?
4
Let s(h) = -2*h + 4. Let v = 518 + -521. Calculate s(v).
10
Let k(x) = x - 5. Let v be ((-155)/20)/(2 + 7/(-4)). Let g = 39 + v. What is k(g)?
3
Let a(w) = -w**2 - 13*w + 33. Let p(s) = -6*s + 111. Let y be p(21). Determine a(y).
3
Let n be 16*(-4 - (-116)/16). Let z(j) = n*j - 7*j - 21 - 3*j. Let o(h) = 6*h - 3. Let s(a) = 27*o(a) - 4*z(a). What is s(2)?
-9
Suppose -5*o + 30 = -3*y, 0 = -4*o - 7 + 19. Let c(l) = -57 + l**3 + 0*l + 5*l**2 + 59 - 2*l. Calculate c(y).
12
Let b(z) be the third derivative of z**6/120 + 7*z**5/30 + 5*z**4/8 + 19*z**3/6 + 10*z**2. Let g be b(-13). Let a(d) = -d**2 - 7*d - 2. What is a(g)?
-2
Let q(s) = s**3 + 6*s**2 + 2*s + 2. Let c = 6 + 18. Suppose -4*n + 4 - c = 0. Give q(n).
17
Let u(l) be the second derivative of -l**4/12 + 3*l**3/2 + 13*l**2/2 + 2*l + 8. Give u(11).
-9
Let z(v) = v**2 - 6*v - 2. Let h(r) = -r + 13. Let m be h(6). Let y be z(m). Let j(i) = i**2 - y + 4*i + 0*i - i + 0. Calculate j(-4).
-1
Suppose -5*t = 5*k - 5, -3*k - t = -2*t + 1. Let b(r) = 2*r - r - 2*r. Determine b(k).
0
Let u(s) = -2*s. Suppose 0 = 3*m - 6*m + 9. Let i be (-57)/12 - m/(-4). Give u(i).
8
Let y(f) = -f + 4. Suppose 7*a = 2*a + 45. Let i be a/(-3)*49/(-21). Calculate y(i).
-3
Let v(y) = -6*y + 4. Let f(x) = -7*x + 4. Let o(m) = 5*f(m) - 4*v(m). Let z(c) = -c. Let b(s) = o(s) - 6*z(s). Determine b(-4).
